 - 26/(-39). What is the greatest common factor of j and z?
8
Let s = -409 + 445. What is the greatest common divisor of s and 32?
4
Suppose -3*x + 322 - 43 = 0. Let p = x - 63. Calculate the greatest common divisor of p and 60.
30
Let v = 46 + -27. Let z be 16/56 - v/(-7). What is the highest common divisor of 15 and z?
3
Suppose 9*y - 145 = 593. What is the highest common divisor of y and 82?
82
Suppose 2*o - k - 72 = 0, 3*k + 2*k - 36 = -o. Suppose 34*y - 31*y = o. Calculate the highest common factor of y and 96.
12
Suppose -n - 6*k + 113 = 0, 596 = 4*n + n - k. Calculate the highest common factor of 21 and n.
7
Let g(b) = -19*b - 222. Let p be g(-24). What is the greatest common divisor of 52 and p?
26
Suppose -j - 5*u = -5*j + 55, 20 = 4*u. What is the highest common factor of 860 and j?
20
Let z(t) = -14*t - 14. Let m be z(-6). Calculate the greatest common factor of 35 and m.
35
Suppose -4*y + 8 = -0*y. Suppose 2*p = 5*z - 5 + 6, y*p - 13 = z. Let g(b) = 2*b - 2. Let i be g(5). Calculate the greatest common divisor of p and i.
8
Let x = -12 + 5. Let r = 42 + x. Let w(v) = v + 9. Let k be w(-4). What is the highest common factor of r and k?
5
Let s be (-3 + (-20)/(-12))/(6/(-279)). Calculate the greatest common factor of 62 and s.
62
Suppose -9 = -3*w + 3*g, -4*g - 5 = 3. Let v = w + 11. Let y(o) = -o**3 - 6*o**2 + 5*o - 4. Let i be y(-8). Calculate the highest common divisor of i and v.
12
Suppose 76*s = 49*s + 3780. Calculate the highest common factor of 266 and s.
14
Let a = 1779 + -1740. What is the highest common divisor of 24 and a?
3
Let a be (4 + -8)/(-4)*2. Suppose -18 = a*l - 5*l. Let c be -2*(-3)/(l/2). What is the greatest common divisor of 2 and c?
2
Suppose 5*u = 15, 19*u - 27 = -5*s + 20*u. Suppose -3*c + 121 = -77. What is the highest common factor of c and s?
6
Let w = 21 - 16. Suppose w*r - 32 = -2*g, 1 = -3*r - 3*g + 22. Let s(z) = 3*z**2 - 4*z - 7. Let b be s(r). Calculate the highest common factor of b and 7.
7
Suppose d + 2*b - 5*b = 154, -d + 5*b + 150 = 0. Calculate the greatest common divisor of d and 32.
32
Suppose 4*w - 108*p + 106*p = 76, 4*p = 4*w - 72. Suppose d = -2*d + 420. Calculate the highest common factor of w and d.
20
Suppose 4*c + 5*x = 81, 4*x - 11 = -c + 1. What is the greatest common factor of 18 and c?
6
Let z be (-2)/9 - 714/(-54). Let x = 122 - 70. Calculate the highest common factor of z and x.
13
Suppose -742*l + 731*l = -924. Suppose 0 = -f + 3*k + 54, -4*f - 4*k = -203 + 51. Suppose -2*a + 0*a = -f. What is the greatest common factor of a and l?
21
Suppose -3*o = l - 76, -3*l - 2*l = -3*o + 106. Let u be 2/(-6) - (-117)/o. Calculate the highest common factor of 28 and u.
4
Suppose 5*s - 3 = 142. Let f = s + -21. Let i be f + (8 + -4)/4. Calculate the greatest common factor of 45 and i.
9
Let i(p) = 3*p**2 + 4*p - p**2 + 5 - 3*p - 6*p. Let f be i(2). Calculate the highest common factor of f and 15.
3
Let y be 90 + -1*(0 + 0). Let p be ((-3)/9)/((-3)/y). What is the greatest common divisor of p and 25?
5
Let j(x) = x**2 - x - 23. Let d be j(8). Suppose -3*h + 2 + 7 = 0. What is the highest common factor of h and d?
3
Let d(p) = -4*p**3 - 6*p**2 + 4*p + 12. Suppose 21 = -4*l + 3*k - 11, 0 = 5*k - 20. Let w be d(l). What is the highest common divisor of 38 and w?
38
Suppose -1598 = -26*h - 142. Calculate the greatest common factor of 91 and h.
7
Let n be 5*((-6)/10)/((-3)/2). Suppose z + 2*c + 4 = -3*z, z + n*c = -7. What is the greatest common divisor of z and 5?
1
Let c be 1 + 0 + 1/(5/35). Suppose -x - c = -9*x. Calculate the greatest common divisor of 6 and x.
1
Let w(d) = -42*d**3 + 2*d**2 + 2*d + 1. Let u be w(-1). Suppose -u*m + 38*m = -150. Calculate the highest common divisor of 10 and m.
10
Let n(o) = -o + 8. Let r be n(-7). Let p = r + -7. Suppose 4*y = -4*t + 58 - 14, y = -4*t + p. What is the highest common factor of 132 and y?
12
Let r = 1 + 8. Suppose 18*k - 84 - 1050 = 0. What is the highest common factor of r and k?
9
Let c = 411 + -377. What is the highest common divisor of c and 34?
34
Let v be 198/20 - (3 - 279/90). Calculate the highest common divisor of 30 and v.
10
Let l = 354 - 266. Calculate the greatest common divisor of 220 and l.
44
Suppose 0 = -4*l + l + 5*c + 32, 0 = 2*l - 5*c - 28. Let i be ((-4)/l)/(-1) + 2. Suppose 4*g - i*g = 24. Calculate the greatest common divisor of 3 and g.
3
Let s = -307 + 627. Calculate the highest common divisor of s and 10.
10
Let y = 24 + -14. Let d be y*(4 + 17/(-5)). Suppose 0*h + d = h. Calculate the highest common divisor of h and 6.
6
Suppose 11*b = 4*b - 49. Let z(i) = 2*i**2 - i - 4. Let s be z(-3). Let t = b + s. Calculate the highest common divisor of 25 and t.
5
Let c be (((-390)/45)/(-13))/(2/210). Calculate the highest common divisor of 40 and c.
10
Let o be (-944)/(-20) + (-4)/(-5). What is the highest common factor of 48 and o?
48
Let r(n) = -n + 9. Let i be r(-7). Let h be ((-56)/i)/(2/(-8)). Let d = 1 + h. What is the greatest common factor of 3 and d?
3
Suppose -2157 = -4*c - c - 3*u, 5*c + 2*u = 2158. What is the greatest common divisor of 9 and c?
9
Let d(f) = f**3 + 8*f**2 + 4*f - 8. Let v be d(-7). Let l be v/(-1 + (-4)/(-3)). Let y = l + -22. Calculate the highest common divisor of 17 and y.
17
Let z(y) = -39*y - 42. Let p be z(-8). What is the highest common divisor of p and 432?
54
Suppose -z + 158 = 151. Calculate the greatest common factor of 63 and z.
7
Suppose 3*o + 16 = -20. Let c = o - -18. Let h be 66/24 - c/8. What is the greatest common divisor of 2 and h?
2
Let h be (2 - -4) + (8 - 2). Calculate the highest common factor of 126 and h.
6
Let s = 1120 - 936. What is the greatest common divisor of 40 and s?
8
Let u be 8*1 - ((5 - 1) + -4). Suppose 0 = u*l - 1625 + 57. What is the greatest common divisor of l and 28?
28
Let b(n) = -172*n + 394. Let p be b(-6). What is the highest common divisor of 46 and p?
46
Suppose -3*b = -5*m - 2010, 1959 + 698 = 4*b + m. What is the highest common factor of b and 35?
35
Let j(n) = -n**3 - 9*n**2 - 11*n. Let d be j(-8). Suppose -3*w - d = -2*t, 3*w + 39 = 5*t + 6*w. What is the highest common divisor of 9 and t?
9
Let o be 136/14 - 2/(-7). Suppose 0 = -6*q + q - o. Let x(p) = 4*p**2 - p + 1. Let z be x(q). Calculate the greatest common factor of 133 and z.
19
Let r be (5*(-24)/(-20))/((-18)/(-12)). Calculate the highest common factor of 14 and r.
2
Suppose -11*x + 485 = -307. Let a(v) = -8*v. Let h be a(-1). Calculate the greatest common factor of h and x.
8
Suppose 0 = -3*i - 0*x + 3*x + 135, -95 = -2*i + 3*x. Let f = i - 18. Let b = 220 - 110. Calculate the greatest common factor of b and f.
22
Suppose 3*s - 1 + 1 = 0. Suppose v - 2*v + 3*p + 18 = s, -3*p + 18 = v. What is the greatest common factor of 234 and v?
18
Let n = 11 - 48. Let k = -31 - n. Calculate the highest common divisor of k and 2.
2
Let j(o) = -o**3 - 8*o**2 + 7*o - 11. Let p be j(-9). Let v be 236/p - (-2)/7. What is the highest common divisor of 17 and v?
17
Let q(n) = 2*n**2 + 43*n - 107. Let a be q(-24). What is the greatest common divisor of 7 and a?
1
Let l(z) = -15 + 0*z + 12*z + 7 - z**2. Let i be l(11). Calculate the greatest common factor of i and 12.
3
Let x = -21 - -51. Let y be (-36)/(-4)*(-4)/(-6). Suppose y*j - 1650 = j. What is the highest common divisor of x and j?
30
Let l = 17 + 8. Let k = -23 + l. Suppose -k*g = -3*y - 153 - 59, 0 = -2*g - y + 228. What is the greatest common divisor of g and 14?
14
Suppose -4*a - 3*l = -192, 27*a - 61 = 26*a - 4*l. What is the highest common divisor of a and 15?
15
Suppose 5*k = -2*i + 6, 4*i - 4*k = 55 - 15. Suppose -3*l + 0*l - 510 = 0. Let p = -106 - l. What is the highest common divisor of p and i?
8
Suppose 0 = 12*y - 48 - 60. Calculate the greatest common divisor of 2 and y.
1
Let v = 91 + -263. Let d = -87 - v. Calculate the greatest common factor of d and 34.
17
Suppose -139*z = -146*z + 294. Calculate the highest common factor of 112 and z.
14
Let h(t) = -t + 21. Let k be h(18). Suppose -2*v - k*l = -67, 2*l = -v + 5*v - 142. Calculate the greatest common divisor of v and 35.
35
Let k be ((-220)/(-40))/((-2)/(-4)). Let c be (-15)/((-1320)/16) + 295/k. Calculate the greatest common factor of c and 81.
27
Suppose 68 = 4*f + r - 77, 